tors of 10*(-8)/(a/(-6))?
3, 5
Suppose 695 + 1080 = 5*w. Suppose -f + 171 = -3*z, -12*f + z = -9*f - 489. Let g = w - f. List the prime factors of g.
193
Suppose -6*y = -y + 1890. Let a = 924 + y. Suppose -5*x + a = -4*u, x - 4*u + 302 = 4*x. What are the prime factors of x?
2, 53
Let w be (9 - -5) + -8 - -2918. Suppose -5*t = -4*n + 5787, 5*n + t - w = 4288. What are the prime factors of n?
3, 13, 37
Let z = -114 - -114. Suppose u - 91 - 47 = z. List the prime factors of u.
2, 3, 23
Let x = 26903 - 10005. List the prime factors of x.
2, 7, 17, 71
Let j(i) = -5*i**3 - 2*i**2 - 13*i + 19. Let s be j(-10). Suppose -1988 = -2*b + 5*p, 5*b - s = 41*p - 39*p. What are the prime factors of b?
23, 43
Let t be (-17525)/(-175) - (-12)/14. Let i be 6 - ((-4)/(-2))/(-2). Let w = i + t. List the prime factors of w.
2, 3
Let x be -22 + 30 - 23/(-1). Suppose -x*d + 1645 = -30*d. List the prime factors of d.
5, 7, 47
Suppose -l = -3*s - s, 5*l + 5*s = 0. Suppose l = -2*c + 2, 0 = 5*z + c - 231 - 160. Suppose z = 3*p + i, 75 + 3 = 3*p + 4*i. What are the prime factors of p?
2, 13
What are the prime factors of 50/(-250) - (-58)/(-10) - -2099?
7, 13, 23
Let q be ((-1782)/30)/((-2)/(-10)). Let z = q + 550. List the prime factors of z.
11, 23
Let n = -3691 + 5569. What are the prime factors of n?
2, 3, 313
Suppose -2*n = -n - 13. Let d be (5 - -1) + 9 + -13 - 2. List the prime factors of n/(-26)*(134/(-1) + d).
67
Let z(m) = 7*m**2 - 32*m + 151. Let j be z(24). Suppose -4*n - 5*y + j = -8*y, 4*n - 4*y - 3416 = 0. What are the prime factors of n?
853
Let x = 11107 + -1423. Suppose 174*w - 186*w + x = 0. List the prime factors of w.
3, 269
Let s = 583 - 566. What are the prime factors of (19 - s) + 1*(0 + 1398)?
2, 5, 7
Suppose -5*y = u - 3472, 4*u - 13980 = -10*y + 13*y. List the prime factors of u.
2, 3, 97
Suppose -20*s + 32 = -12*s. Suppose -1104 = -s*i - d, d + 8 = -d. What are the prime factors of i?
277
Suppose -2*f + 13 = -m - 9, 0 = 5*f + 5*m - 40. Suppose -t - 146 = -5*l, 5*l + 5*t - 130 = f*t. List the prime factors of l.
2, 3, 5
Let d = -676 + 403. Let x = 501 + d. Let s = x - 134. List the prime factors of s.
2, 47
Let u(c) = -695*c - 135. Let m(r) = 41*r + 8. Let j(f) = -35*m(f) - 2*u(f). List the prime factors of j(-5).
5, 43
Let z(o) = -95*o - 97. Let r be z(-17). Suppose 8*g - r - 1450 = 0. What are the prime factors of g?
7, 53
List the prime factors of (45168/15)/((-212)/(-3180)).
2, 3, 941
Suppose 23*l - 32*l - 31356 = 0. List the prime factors of (-32)/80 - l/10.
2, 3, 29
Let j(a) be the first derivative of -13*a**3/3 - 9*a**2 - 5*a + 5. Let c be j(-5). List the prime factors of c/(-18)*(-3)/12*-6.
2, 5
Suppose 11*x - 9*x + 4*a - 16398 = 0, -5*x - 4*a = -41025. List the prime factors of x.
8209
Suppose -75 = 5*k + 2*l - 7*l, 4*k + 4*l + 76 = 0. Let o = k - -62. Let w = -4 + o. List the prime factors of w.
41
Let v(k) = 9452*k**2 - 23*k + 69. What are the prime factors of v(2)?
37831
Suppose -5*l - 4*g = -4*l - 7106, 4*l = -g + 28484. What are the prime factors of l?
2, 3, 1187
Let s(k) = 4*k**2 - 41*k + 28. What are the prime factors of s(20)?
2, 101
Let t = -12139 + 17113. What are the prime factors of t?
2, 3, 829
Let h(o) = 5*o**3 + 23*o**2 + 12*o - 7. Let b(i) = 11*i**3 + 47*i**2 + 26*i - 13. Let s(a) = 2*b(a) - 5*h(a). List the prime factors of s(-8).
5, 53
Let z = 717 + 22700. List the prime factors of z.
23417
Let q = -641 - -1346. Let i = q + -402. What are the prime factors of i?
3, 101
Suppose 0 = -15*r + 11*r + 2148. Let q = r + -180. What are the prime factors of q?
3, 7, 17
Let b(w) = -116*w**3 - 2*w**2 - 28*w - 63. List the prime factors of b(-5).
73, 199
Suppose 5 = 2*a + 3*a, 2*a = 5*s - 138. Suppose 0 = -s*i + 3167 - 871. What are the prime factors of i?
2, 41
What are the prime factors of (4/10)/((451/(-197560))/(-41))?
2, 449
Let c be (-21)/9 - 8518/(-3). Suppose 10*m + 157 - c = 0. What are the prime factors of m?
2, 67
Suppose -16*x = 9*x - 13050. Suppose -x = -a + 5*q, 0 + 15 = 3*q. What are the prime factors of a?
547
Let u = 6413 - -1931. List the prime factors of u.
2, 7, 149
Suppose 377929 = 29*t - 657371. What are the prime factors of t?
2, 3, 5, 7, 17
Let o(k) = 21*k**2 - 86*k + 2130. What are the prime factors of o(31)?
5, 3929
Suppose 4*j + 29 = -5*u, 3*u - 5*j = -8 - 39. Let g(q) = -q**3 - 5*q**2 + 14*q + 20. Let y be g(u). Let w = y + -128. List the prime factors of w.
2, 3, 5
Let p be ((20/6)/1)/(1/3). Let l = 123 + p. What are the prime factors of l?
7, 19
Let l(w) = -w**2 + 19*w + 23. Let r be l(20). Let z(q) be the first derivative of 9*q**2/2 + 11*q + 7. List the prime factors of z(r).
2, 19
Let w = 29396 + -20522. List the prime factors of w.
2, 3, 17, 29
Suppose -3*i = -2*y + 15441, 4*y - 5*i - 6602 = 24281. Suppose -y = -843*w + 837*w. What are the prime factors of w?
3, 11, 13
What are the prime factors of (2664/(-21))/(115136/4606 - 25)?
2, 3, 37, 47
Suppose -26234 = 13*z - 80366. Suppose 12*k = 816 + z. List the prime factors of k.
5, 83
Let m = -267 + 512. Let l = m - 236. What are the prime factors of l?
3
Let r(s) = -4*s - 78. Let c be r(-20). Suppose c = -3*f + 8. What are the prime factors of f?
2
Let b = 189 + -129. Suppose 5*f - 58*n - 2005 = -b*n, -f + 404 = n. What are the prime factors of f?
3, 7, 19
Suppose 6153 = -21*f - 1449. Let c = 620 + f. List the prime factors of c.
2, 3, 43
Let k(j) = 14*j - 129. Let f be (-30586)/(-1271) + (-2)/31. List the prime factors of k(f).
3, 23
Let m(j) be the first derivative of -20/3*j**3 + 34*j + 40 - 1/4*j**4 + 6*j**2. What are the prime factors of m(-21)?
223
Let p = -45 + 32. Let l(x) = x**2 + 14*x + 18. Let u be l(p). What are the prime factors of (1 - -25) + (u - -4) + -7?
2, 7
Let a be 68/7 - (-5)/(-70)*-4. Let o = -7 + a. Suppose -3*b + 137 = 3*h - 61, 5*b - 370 = o*h. What are the prime factors of b?
71
Suppose 0 = 69*m + 17*m - 195478. List the prime factors of m.
2273
Suppose 0 = -2*d - 3*w - 510, -6*w + w - 506 = 2*d. List the prime factors of (d/10)/(2/40*-4).
3, 43
Let g be 0*(-2)/6*3. Suppose 2*a + 2*y - 316 = g, 0 = -4*y + 16 - 0. Suppose 3*o + 3*q - a = -q, -3*q = -3. What are the prime factors of o?
2, 5
Let v be -3 - 65/(-10) - 3/6. Suppose 0 = -v*k - 4*c + 21, 0*c = k + 5*c - 18. Suppose -k = u, -4*u + 7*u + 111 = 3*f. What are the prime factors of f?
2, 17
List the prime factors of (-28)/8*949012/(-133).
2, 12487
Suppose 0 = 2*u + b - 158, -2*b + 3*b = -u + 79. Suppose -263 - u = -3*c. List the prime factors of c.
2, 3, 19
Let a(p) = p**2 - 10*p + 9. Let g be a(11). Suppose -5 = g*k - 25*k. List the prime factors of 42 + (-6)/k + 2.
2, 19
List the prime factors of ((-13)/(-3))/((-181856)/20208 + 9).
13, 421
Let a(c) = 14*c**2 - 6*c - 13. Let k(x) = 5*x**2 - 2*x - 4. Suppose -3*s = -8*s + 20. Let j(w) = s*a(w) - 11*k(w). What are the prime factors of j(-4)?
2
Let y = -574 - -574. Suppose y = -2*c - l + 578 + 319, 2238 = 5*c + l. What are the prime factors of c?
3, 149
Let t = -975 - -605. Let i = -31 - t. List the prime factors of i.
3, 113
Let q(g) = 2*g + 8. Let p be q(5). What are the prime factors of ((-52)/16)/(p/(-2088))?
13, 29
Suppose -2*v + 135935 - 34484 = 5*z, v - 50720 = 3*z. What are the prime factors of v?
50723
Suppose -2*c + 6 = 3*l + 2, l - 23 = -5*c. Suppose c*p - 3950 = -0*p. What are the prime factors of p?
2, 5, 79
Let h(k) = -2 + 2 + 3 + 1 - 246*k. List the prime factors of h(-1).
2, 5
Suppose -5*m = 5*b + 115, -18*m - 85 = -13*m - 5*b. What are the prime factors of (m/10)/((-4)/296)?
2, 37
Suppose 2*b = 2*j - 184, -93*j + 4*b + 80 = -92*j. Let i = -21 + 5. Let x = i + j. What are the prime factors of x?
2, 5
What are the prime factors of 3 - (1 + -11 + (137 - 29135))?
67, 433
Suppose -3*a - k - 8 = 1, -3*k = 9. Let h(r) = -14*r + 1. What are the prime factors of h(a)?
29
Suppose -338 = -5*i - 1123. Let z = i - -327. List the prime factors of z.
2, 5, 17
Let b = 63 - 54. Let m be 17 + -5 + b/3. Suppose -7*o - m = -750. What are the prime factors of o?
3, 5, 7
Suppose -2*d = 3*d - c - 443, 4*d - 2*c = 358. Let y = 72 - d. Let b = y - -77. What are the prime factors of b?
61
Let q(r) be the third derivative of -r**5/60 + 7*r**4/24 + 3*r**3/2 + 23*r**2. Let f be q(8). What are the prime factors of f + -3 + 244 + 